ors of 29231505?
3, 5, 23, 61, 463
List the prime factors of 938214.
2, 3, 47, 1109
What are the prime factors of 73797?
3, 17, 1447
What are the prime factors of 331255?
5, 97, 683
List the prime factors of 695083.
23, 47, 643
What are the prime factors of 79955?
5, 15991
What are the prime factors of 869677?
53, 61, 269
What are the prime factors of 14749401?
3, 4916467
What are the prime factors of 520679?
520679
What are the prime factors of 316483?
19, 16657
List the prime factors of 14797253.
79, 97, 1931
What are the prime factors of 5227790?
2, 5, 139, 3761
List the prime factors of 3791424.
2, 3, 7, 13, 31
List the prime factors of 841526.
2, 7, 31, 277
What are the prime factors of 1142549?
1142549
List the prime factors of 7433960.
2, 5, 185849
What are the prime factors of 501763?
67, 7489
List the prime factors of 664336.
2, 41521
List the prime factors of 316807.
41, 7727
List the prime factors of 1863475.
5, 131, 569
List the prime factors of 2298501.
3, 41, 6229
What are the prime factors of 2088100?
2, 5, 7, 19, 157
What are the prime factors of 98362?
2, 11, 17, 263
What are the prime factors of 161491?
11, 53, 277
What are the prime factors of 16617573?
3, 7, 191, 1381
What are the prime factors of 22218?
2, 3, 7, 23
What are the prime factors of 475805?
5, 11, 41, 211
What are the prime factors of 2344373?
1249, 1877
List the prime factors of 11929.
79, 151
What are the prime factors of 1140864?
2, 3, 2971
What are the prime factors of 1595663?
31, 51473
What are the prime factors of 2885224?
2, 360653
List the prime factors of 406634.
2, 203317
What are the prime factors of 24095921?
24095921
List the prime factors of 7385621.
1061, 6961
What are the prime factors of 2240248?
2, 280031
List the prime factors of 16137898.
2, 7, 1152707
What are the prime factors of 3361632?
2, 3, 19, 97
What are the prime factors of 157326?
2, 3, 13, 2017
What are the prime factors of 9006215?
5, 503, 3581
What are the prime factors of 881458?
2, 137, 3217
List the prime factors of 9392703.
3, 3130901
What are the prime factors of 1001211?
3, 333737
What are the prime factors of 18780008?
2, 13, 359, 503
What are the prime factors of 141450?
2, 3, 5, 23, 41
List the prime factors of 6470762.
2, 3235381
What are the prime factors of 3596859?
3, 7, 19031
What are the prime factors of 21680815?
5, 13, 43, 7757
List the prime factors of 8982974.
2, 7, 11, 13, 641
List the prime factors of 325465.
5, 7, 17, 547
What are the prime factors of 8377328?
2, 17, 19, 1621
What are the prime factors of 1351561?
503, 2687
List the prime factors of 427264.
2, 1669
List the prime factors of 2327950.
2, 5, 46559
What are the prime factors of 249227?
11, 139, 163
List the prime factors of 994941.
3, 227, 487
What are the prime factors of 1384502?
2, 7, 98893
List the prime factors of 216013.
7, 30859
What are the prime factors of 54533?
23, 2371
What are the prime factors of 148649?
23, 281
What are the prime factors of 6552434?
2, 7, 29, 16139
What are the prime factors of 760259?
239, 3181
List the prime factors of 2400816.
2, 3, 11, 4547
List the prime factors of 921036.
2, 3, 76753
What are the prime factors of 18458178?
2, 3, 3076363
What are the prime factors of 1210954?
2, 605477
What are the prime factors of 10423124?
2, 2605781
What are the prime factors of 74840?
2, 5, 1871
List the prime factors of 6963455.
5, 17, 61, 79
List the prime factors of 65826.
2, 3, 23, 53
List the prime factors of 18731609.
13, 673, 2141
What are the prime factors of 5850447?
3, 1950149
List the prime factors of 988451.
67, 14753
What are the prime factors of 9437310?
2, 3, 5, 61, 191
What are the prime factors of 818489?
7, 116927
List the prime factors of 246313.
17, 14489
What are the prime factors of 11804250?
2, 3, 5, 15739
What are the prime factors of 29666873?
29666873
What are the prime factors of 21857019?
3, 17, 428569
List the prime factors of 6422091.
3, 13, 59, 2791
What are the prime factors of 13719112?
2, 11, 31, 47, 107
List the prime factors of 8101716.
2, 3, 7, 43, 2243
What are the prime factors of 749998?
2, 29, 67, 193
List the prime factors of 395819.
101, 3919
What are the prime factors of 1124401?
19, 23, 31, 83
List the prime factors of 11313038.
2, 11, 514229
List the prime factors of 354224.
2, 13, 131
List the prime factors of 13719574.
2, 11, 623617
What are the prime factors of 4673548?
2, 11, 106217
What are the prime factors of 535459?
53, 10103
List the prime factors of 414707.
414707
List the prime factors of 92579.
43, 2153
List the prime factors of 497360.
2, 5, 6217
What are the prime factors of 1358531?
61, 22271
What are the prime factors of 202738?
2, 167, 607
List the prime factors of 7708204.
2, 7, 61, 4513
List the prime factors of 534621.
3, 178207
What are the prime factors of 345264?
2, 3, 7193
List the prime factors of 3191727.
3, 7, 11, 41, 337
What are the prime factors of 1316356?
2, 329089
List the prime factors of 725205.
3, 5, 13, 3719
List the prime factors of 7083088.
2, 47, 9419
What are the prime factors of 965848?
2, 13, 37, 251
What are the prime factors of 671391?
3, 7, 10657
List the prime factors of 410211.
3, 15193
What are the prime factors of 212492?
2, 7, 7589
What are the prime factors of 6760940?
2, 5, 101, 3347
List the prime factors of 4440313.
1301, 3413
List the prime factors of 188917.
19, 61, 163
What are the prime factors of 10457108?
2, 17, 61, 2521
What are the prime factors of 218350?
2, 5, 11, 397
List the prime factors of 9308541.
3, 11, 311, 907
What are the prime factors of 8864808?
2, 3, 431, 857
What are the prime factors of 8240296?
2, 31, 149, 223
What are the prime factors of 9338689?
37, 383, 659
What are the prime factors of 1606419?
3, 59497
List the prime factors of 686196.
2, 3, 7, 389
List the prime factors of 2108516.
2, 527129
What are the prime factors of 10168513?
241, 42193
What are the prime factors of 223778?
2, 41, 2729
What are the prime factors of 19954418?
2, 11, 907019
What are the prime factors of 209498?
2, 31, 109
List the prime factors of 28696084.
2, 7174021
What are the prime factors of 846520?
2, 5, 21163
List the prime factors of 7380060.
2, 3, 5, 123001
What are the prime factors of 14931?
3, 7, 79
What are the prime factors of 170525?
5, 19, 359
List the prime factors of 5594218.
2, 7, 399587
What are the prime factors of 9287493?
3, 107, 28933
What are the prime factors of 5440161?
3, 1813387
What are the prime factors of 944777?
944777
What are the prime factors of 6535155?
3, 5, 11, 39607
List the prime factors of 30302917.
43, 704719
What are the prime factors of 760046?
2, 7, 233
List the prime factors of 150759.
3, 7, 2393
List the prime factors of 1364239.
1364239
What are the prime factors of 273470?
2, 5, 23, 29, 41
List the prime factors of 15884889.
3, 2011, 2633
What are the prime factors of 3405928?
2, 271, 1571
What are the prime factors of 428855?
5, 7, 12253
List the prime factors of 201675.
3, 5, 2689
List the prime factors of 3988157.
19, 79, 2657
What are the prime factors of 38629940?
2, 5, 1931497
What are the prime factors of 68072?
2, 67, 127
What are the prime factors of 16516592?
2, 1032287
List the prime factors of 19583830.
2, 5, 7, 17, 2351
What are the prime factors of 527709?
3, 7, 13, 1933
What are the prime factors of 2495215?
5, 79, 6317
List the prime factors of 3279596.
2, 819899
What are the prime factors of 1951110?
2, 3, 5, 7, 19, 163
List the prime factors of 233594.
2, 116797
List the prime factors of 116538.
2, 3, 19423
What are the prime factors of 91815?
3, 5, 6121
List the prime factors of 21087992.
2, 101, 26099
List the prime factors of 993879.
3, 110431
What are the prime factors of 3088548?
2, 3, 85793
List the prime factors of 2051657.
103, 19919
List the prime factors of 3513641.
23, 152767
What are the prime factors of 1796207?
7, 137, 1873
What are the prime factors of 6693436?
2, 1171, 1429
List the prime factors of 4329613.
29, 149297
List the prime factors of 1032468.
2, 3, 97, 887
What are the prime factors of 9493765?
5, 47, 71, 569
What are the prime factors of 5683466?
2, 2841733
List the prime factors of 273461.
151, 1811
List the prime factors of 170006.
2, 167, 509
List the prime factors o